.
15
Let a(x) = 3*x + 68. Give a(-21).
5
Let k(l) = 2*l**2 + 67*l - 38. What is k(-34)?
-4
Let l(t) = -113*t + 11. Give l(1).
-102
Let s(d) = -d**2 - 10*d - 5. Calculate s(-7).
16
Let c(k) = -k**3 - 7*k**2 + 8*k + 15. Give c(-8).
15
Let y(j) = 2*j + 61. Determine y(-25).
11
Let x(a) = 2*a**2 + 22*a - 142. Calculate x(5).
18
Let h(t) = 3*t - 3. What is h(4)?
9
Let s(r) = r**2 - 3*r + 3. Determine s(3).
3
Let g(y) = 6*y**3 - 4*y**2 - 6*y + 10. Calculate g(1).
6
Let r(b) = -2*b + 23. Give r(6).
11
Let j(k) = k**2 + 2*k - 5. Determine j(-2).
-5
Let m(x) = x**3 - 32*x**2 - 32*x - 48. What is m(33)?
-15
Let u(g) = g**3 + 10*g**2 - 19*g - 19. What is u(-12)?
-79
Let o(p) = p**3 - 13*p**2 - 14*p - 2. Give o(14).
-2
Let t(m) = 5*m + 1. What is t(2)?
11
Let j(s) = s**3 - 12*s**2 + 22*s + 12. Calculate j(7).
-79
Let n(u) = -u**3 - 6*u**2 + 3*u - 7. Calculate n(-7).
21
Let u(w) = w**2 + 6*w + 3. What is u(-6)?
3
Let a(l) = l - 23. Determine a(22).
-1
Let x(q) = q**3 + 2*q**2 - 4*q + 1. Calculate x(3).
34
Let s(o) = -o**3 + 6*o**2 - 5*o. What is s(5)?
0
Let f(m) = -m**2 + m + 91. Determine f(-8).
19
Let c(r) = 2*r**3 + 50*r**2 + 50*r + 45. Determine c(-24).
-3
Let j(r) = r**3 - 2*r**2 + 2*r + 2. Determine j(2).
6
Let i(d) = -d**3 - 5*d**2 - 12. Calculate i(-6).
24
Let y(v) = v**3 - 10*v**2 + 6. Determine y(10).
6
Let f(c) = 2*c**2 - 7*c - 15. Give f(5).
0
Let y(z) = -13*z - 17. Calculate y(-5).
48
Let v(j) = 104*j**3 - 2*j**2 - 3*j - 1. Give v(-1).
-104
Let g(j) = -11*j**2 + j + 4. Determine g(2).
-38
Let s(k) = -k**3 + 2*k**2 + 5*k - 3. Determine s(4).
-15
Let w(r) = -3*r. What is w(3)?
-9
Let n(y) = -2*y**3 - 10*y**2 - 4*y - 18. Give n(-5).
2
Let d(z) = -z**3 - 12*z**2 + 28*z + 3. Give d(-14).
3
Let y(o) = -o**2 + 13*o + 15. Give y(10).
45
Let u(j) = 11*j - 6. Give u(2).
16
Let k(l) = -2*l - 46. Give k(-8).
-30
Let b(p) = 14*p - 78. Give b(12).
90
Let i(w) = -17*w + 1. Determine i(-2).
35
Let c(u) = -11*u - 52. Calculate c(-5).
3
Let o(s) = -s**2 - 14*s - 6. Give o(-8).
42
Let p(j) = -j**3 + 4*j**2 + 8*j + 3. Calculate p(4).
35
Let n(x) = -3*x + 13. Calculate n(9).
-14
Let x(g) = -g**3 + 6*g**2 + 3. Calculate x(6).
3
Let c(o) = o**3 - 11*o**2 + 12*o - 18. What is c(10)?
2
Let c(h) = -h**3 + 10*h**2 + 2*h. Give c(10).
20
Let m(l) = -l**2 - 7*l - 23. Calculate m(-5).
-13
Let i(d) = -6*d**2 - 2*d. Calculate i(2).
-28
Let w(a) = -3*a**2 - 5*a + 6. Give w(-4).
-22
Let k(z) = z**2 + 14*z + 36. Determine k(-5).
-9
Let g(m) = m**2 - 12*m - 12. Calculate g(0).
-12
Let n(k) = 2*k**3 + 8*k**2 + 5*k - 5. Calculate n(-5).
-80
Let i(p) = -3*p**2 + 14*p + 2. Determine i(5).
-3
Let r(z) = -25*z + 381. What is r(15)?
6
Let n(x) = 66*x. Calculate n(1).
66
Let d(r) = r**3 + 13*r**2 + 3*r + 38. Give d(-13).
-1
Let h(g) = -g**2 + 2*g + 355. Determine h(-18).
-5
Let w(f) = -f**2 + f + 4. What is w(5)?
-16
Let s(r) = -8*r**2 - 6*r - 1. What is s(-2)?
-21
Let p(g) = -5*g**3 - 1. Give p(-1).
4
Let b(a) = 23*a**2 + a + 1. Calculate b(-1).
23
Let z(k) = 5*k**2 - 2*k - 1. What is z(-1)?
6
Let a(j) = -7*j**2 + 2*j - 1. What is a(1)?
-6
Let q(t) = -t**3 + 28*t**2 + 60*t - 14. Calculate q(30).
-14
Let c(n) = -2*n. Give c(6).
-12
Let k(l) = 3*l + 14. Give k(-6).
-4
Let w(h) = -h**3 + 9*h**2 - 9*h + 9. Calculate w(8).
1
Let g(x) = -x**3 - 9*x**2 - 8*x + 6. Calculate g(-8).
6
Let l(k) = -12*k + 141. Calculate l(12).
-3
Let p(g) = -g**2 - 34*g + 69. Determine p(2).
-3
Let v(r) = -6*r - 3. What is v(-9)?
51
Let s(g) = -3*g - 4. Calculate s(-3).
5
Let g(r) = 2*r**3 + 27*r**2 + 35*r - 16. Calculate g(-12).
-4
Let g(h) = h**3 - 10*h**2 - 5. What is g(10)?
-5
Let u(s) = -s**3 - 2*s**2 + 3*s - 2. Determine u(-3).
-2
Let n(d) = -d**2 + 13*d + 4. Determine n(12).
16
Let a(r) = 2*r**2 - 19*r + 4. Give a(9).
-5
Let b(y) = -y**3 + 12*y**2 - 5*y + 1. What is b(12)?
-59
Let a(q) = q**3 + q**2 + 7*q - 7. Determine a(1).
2
Let u(b) = 16*b - 200. Determine u(13).
8
Let x(p) = -p**3 - 30*p**2 - 29*p + 48. What is x(-29)?
48
Let a(b) = 2*b**2 + 2*b - 8. Give a(3).
16
Let g(j) = 17*j - 3. What is g(-2)?
-37
Let t(k) = 41*k - 8. Calculate t(1).
33
Let o(n) = 30*n + 61. Calculate o(-2).
1
Let r(m) = -m**3 + 7*m**2 - 7*m + 11. What is r(6)?
5
Let a(u) = u**3 - 21*u**2 + 20*u + 30. What is a(20)?
30
Let g(p) = p**3 + 7*p**2 - 4*p + 39. What is g(-8)?
7
Let u(t) = -t**2 + 4*t - 3. Calculate u(5).
-8
Let a(d) = d**3 - 6*d**2 + 8*d - 14. What is a(6)?
34
Let y(d) = 3*d**2 + 8*d - 5. Calculate y(-6).
55
Let q(r) = -r**3 + 13*r**2 - 35*r + 22. Give q(10).
-28
Let j(t) = t**2 - 2*t - 19. Determine j(7).
16
Let p(y) = -6*y**3 - 2*y**2 + 3*y - 2. Determine p(1).
-7
Let g(c) = c**2 + 5*c - 4. Give g(3).
20
Let p(s) = 80*s + 2. Give p(-1).
-78
Let v(j) = -j**2 + 22*j + 10. Calculate v(14).
122
Let u(z) = -12*z - 3. Determine u(-1).
9
Let k(c) = c**2 + 44*c + 254. What is k(-37)?
-5
Let d(b) = b**3 - b**2 + b + 3. Calculate d(0).
3
Let k(b) = -10*b + 31. Give k(8).
-49
Let g(p) = -31*p + 303. Calculate g(10).
-7
Let c(r) = -r - 4. Calculate c(-6).
2
Let k(c) = 2*c**3 - 9*c**2 - 3*c + 17. Determine k(4).
-11
Let o(w) = -2*w**3 + 10*w**2 + 14*w - 12. Give o(6).
0
Let x(t) = 18*t**2 + 2*t + 1. What is x(-1)?
17
Let n(r) = -r**3 - 2*r + 5. Calculate n(2).
-7
Let i(k) = 2*k**2 - 8*k + 6. Calculate i(4).
6
Let g(y) = -y**3 - 16*y**2 - 16*y - 15. Give g(-15).
0
Let g(k) = k**2 + 5*k - 4. Determine g(-5).
-4
Let t(y) = -4*y**2 + 40*y - 35. Calculate t(8).
29
Let q(s) = -s**3 + 32*s**2 - 31*s - 7. What is q(31)?
-7
Let n(j) = -j**3 - 3*j**2 + j + 7. Determine n(-6).
109
Let s(m) = m**2 - 31*m + 57. What is s(29)?
-1
Let r(d) = 2*d + 14. What is r(10)?
34
Let p(u) = u**2 - 7*u - 31. Give p(11).
13
Let u(x) = x**3 - 10*x**2 - 23*x - 6. What is u(12)?
6
Let j(z) = -z**2 - 15*z - 5. What is j(-8)?
51
Let x(f) = -f**2 - 4. Calculate x(6).
-40
Let j(k) = -2*k**3 + 26*k**2 - 40*k - 54. Calculate j(11).
-10
Let j(b) = -3*b - 1. Calculate j(-8).
23
Let c(n) = -47*n**2 - 2*n - 4. Calculate c(-1).
-49
Let y(u) = -u**3 - 15*u**2 + 2*u + 29. Determine y(-15).
-1
Let s(v) = v**3 - 13*v**2 + 11*v + 15. Determine s(12).
3
Let y(q) = q**2 + 62*q + 435. What is y(-54)?
3
Let f(b) = 2*b**2 + 24*b - 14. What is f(-13)?
12
Let t(d) = -12*d**2 - 1. What is t(1)?
-13
Let f(x) = -x**3 - 25*x**2 - 7. Determine f(-25).
-7
Let z(n) = n**2 + 16*n - 16. Give z(-17).
1
Let y(j) = j**3 - 5*j**2 - 11*j + 13. Give y(6).
-17
Let i(p) = -2*p - 2. Determine i(0).
-2
Let s(p) = -p**3 + p**2 - p - 3. Calculate s(0).
-3
Let t(r) = -r + 7. What is t(-7)?
14
Let p(v) = v**3 - 8*v**2 + 8*v + 12. Give p(7).
19
Let q(x) = -x**3 - 33*x**2 + 34*x - 13. Calculate q(-34).
-13
Let w(o) = 6*o - 6. What is w(4)?
18
Let s(h) = h**2 - 4*h - 20. What is s(7)?
1
Let y(g) = 15*g + 169. Determine y(-10).
19
Let c(f) = -f**2 - 22*f - 28. Calculate c(-21).
-7
Let t(l) = 9*l - 4. Give t(-4).
-40
Let d(p) = 14*p - 198. Give d(14).
-2
Let c(w) = 2*w**3 - 10*w**2 - 8*w + 15. What is c(6)?
39
Let o(b) = 9*b + 35. Determine o(-4).
-1
Let h(y) = -2*y - 6. Give h(-5).
4
Let m(z) = z**2 + 4*z - 3. Calculate m(-5).
2
Let c(k) = -13*k - 41. What is c(-4)?
11
Let d(h) = -h**3 - 3*h**2 + 3*h + 2. Determine d(-3).
-7
Let i(a) = -a - 19. Give i(-3).
-16
Let d(a) = 9*a**2 - 3*a - 2. What is d(-3)?
88
Let a(p) = p**2 + 9*p - 14. Give a(-10).
-4
Let f(s) = -7*s + 5. Give f(-8).
61
Let j(c) = -c**3 - 11*c**2 + 13*c - 7. Determine j(-12).
-19
Let j(s) = -s**3 - 6*s**2 + 6*s - 7. Determine j(-7).
0
Let b(x) = 9*x + 57. What is b(-7)?
-6
Let l(k) = -k**2 + 10*k - 21. Calculate l(9).
-12
Let j(t) = t**3 - 11*t**2 + 18*t - 25. What is j(9)?
-25
Let q(a) = a**2 - 7*a + 9. Determine q(7).
9
Let d(g) = -g**3 - 4*g**2 + 3*g + 12. Determine d(-4).
0
Let y(h) = 3*h - 7. Determine y(-7).
-28
Let u(a) = a**3 - 5*a**2 - 7*a + 5. What is u(6)?
-1
Let a(s) = -s - 1. What is a(-3)?
2
Let x(p) = 9*p. Calculate x(-5).
-45
Let g(x) = -x**3 - 3*x**2 - 3*x - 3. What is g(-4)?
25
Let z(m) = -8*m + 52. Calculate z(9).
-20
Let p(s) = s**3 - 12*s**2 + 12*s + 2. Determine p(11).
13
Let m(h) = h**2 - 15*h + 5. Give m(14).
-9
Let d(q) = 4*q - 2. What is d(1)?
2
Let f(j) = j**2 - 5*j + 7. What is f(4)?
3
Let c(x) = x**2 - 3. Give c(6).
33
Let h(b) = -79*b - 1. Determine h(-2).
157
Let k(w) = w**3 + 2*w**2 - 4*w - 1. What is k(-4)?
